e -140 + (-8 - 3) + (18 + 1 - (-17 + 24)).
-139
Evaluate (-311 - -414) + 9 + 0.
112
20 + -149 + 98 + (5 - 6)
-32
What is (-7 - -10) + -50 + -22 + 50 + -79?
-98
Evaluate 62 + -108 + (-6 - -7).
-45
What is the value of 79 + (12 - (10 - 1 - -2))?
80
What is the value of 23 + -41 + -25 + (60 - 20)?
-3
-13 - ((-19 - -17) + -1 + -103 - (-37 + 32))
88
Calculate ((-20 - 0) + 4 - (0 - 10)) + 9.
3
What is (-2 + 4 - 2) + (18 - (15 - -14))?
-11
Calculate 6227 - 6081 - (22 - 0).
124
Evaluate 17 + (-114 - (-135 + 73)).
-35
Calculate 22 + -7 - -1 - (17 + -31).
30
Calculate -42 + 21 + 46 + 7 + -28.
4
Calculate 4 - (2 - 9) - (12 - (-1 - -4)).
2
(-1 - 3 - 11) + -39 + (27 - -18)
-9
Evaluate 104 + -123 + (4 - 1) + -7.
-23
(4 - 6) + 3 - (264 - 279)
16
Calculate (35 - (-23 - -224)) + 8 + (13 - 5).
-150
-10 + -4 - (15 - 18)
-11
Evaluate (-64 - -2) + (-5 - ((21 - 17) + -7)).
-64
Calculate -8 + 1 + 14 + 3 + -15 + (-18 - -26).
3
Calculate (-4 - 66) + 63 + 75.
68
Calculate (70 - (7 - -4)) + -7 + -7 + 17 + -7.
55
What is -35 + 32 + -117 + (3 - -27)?
-90
Calculate 3 + 17 - (-33 + 28 + 24).
1
Evaluate 20 - -1 - (-5 + 20 + -45 + 34).
17
Calculate -82 - (-110 + 12 - -48).
-32
(0 - -8) + (-40 + 4 + 15 + 11 - -52)
50
Calculate 2 - (4 - -2) - (36 + 7).
-47
What is the value of 7 + (1 - 0) - 58?
-50
-1 - -25 - 2 - (-261 + 257)
26
Calculate -16 + -42 + 3 - 22.
-77
Evaluate -17 + 68 + -35 - -29.
45
Evaluate (-132 - (-33 + -39 + 33)) + 15.
-78
What is the value of -7 + 15 + 5 + -86 - (-11 - 0)?
-62
What is (-20 + 55 - (-168 + 71)) + (-10 - -2)?
124
19 + -23 + 37 - (24 + -9)
18
What is 16 + (-6 - (-91 - -80 - (-51 + 1)))?
-29
(-14 - 1) + -96 + 81 + 27
-3
What is the value of -6 + 12 + 8 + -4 + (-191 - -155)?
-26
What is (10 - (6 + -16)) + (-16 - 4)?
0
What is 86 + -52 - (-50 + 49)?
35
What is the value of 1 + -2 - (13 + -9 - (32 - -39))?
66
(-3 + 3 - -9) + -8 + (-2 - -16 - -5)
20
Evaluate (136 - 139 - -52) + -119.
-70
What is -8 + 40 + (7 + -12 + 15 + -19 - -18)?
41
Calculate (2 - 43) + -3 + (-6 - -23) + -4.
-31
Calculate (-148 - -193) + 14 + -105.
-46
Evaluate (8 - 28) + 3 + -22 + 27.
-12
14 + (7 - 7) + 0 + -18 - 29
-33
What is the value of -2 - (-16 + (213 - 106))?
-93
What is (-25 - (4 + -3 + -23)) + 20?
17
Evaluate -4 + -8 + 16 - (13 - 41 - -29).
3
Evaluate (-8 - -4) + (-1 - -4) - (88 + -97).
8
What is the value of 60 + (-2 - (21 - 1) - -1)?
39
What is the value of (-17 - (3 + -5 - -4)) + (-5 - -9)?
-15
What is 41 + 21 + 1 + (-45 - -21)?
39
What is the value of -874 + 823 + 1 + 29 - 21?
-42
3 - 110 - (-7194 - -7106)
-19
What is -70 - -161 - 88 - (1 + -1 + -56)?
59
What is the value of -1 + 1 + (-43 - (40 - 17 - 19))?
-47
Evaluate 7 + (-2 - 12 - -30) + 15.
38
Calculate -66 + -7 + (-23 - -18) + 30.
-48
0 - (-7 - ((-31 - -23) + 14) - (1 - -1))
15
-38 + 8 + 74 - (6 + (-2 - -1))
39
2861 + -2829 + (-54 - 2)
-24
What is the value of 108 - (-10 - (31 + -65)) - 17?
67
(-23 + -36 - -29) + 47 - 28
-11
Calculate -2 + 1 + -5 + (3 - 35) + 179.
141
Evaluate (24 + 32 - -2) + (-2 - (-2 - 4)).
62
What is the value of (-261 - -269) + (1 - -1) + -3 - (-18 - 4)?
29
Calculate -57 + -9 + 80 + (7 - -1).
22
What is the value of 5 + (-1 - (1 + 0)) - (-2533 - -2504)?
32
What is -158 + 143 + (18 - 2) - -55?
56
What is the value of 13 + (15 - (-12 + 44)) - (4 - 0)?
-8
What is the value of (2 - 19) + (15 - 9 - 21) + -1 + 9?
-24
What is 70 + (-158 - -75) - (2 - (-26 + 2))?
-39
3 - (-7 + -18 - 1) - (-7 - -13 - 0)
23
Calculate 4 + (-6 - (-1 + 5)) + -35.
-41
Evaluate (-424 - -402) + (-79 - -3).
-98
25 - (85 + -34 - 83)
57
What is (-19 - -27 - (0 - 34)) + -11 + 1 + 3?
35
(90 - (9 + 109)) + 41 + 2
15
What is the value of (-19 - -63 - -4) + -5 + (-5 - -8 - 5)?
41
Evaluate 4 + -3 - (49 + (33 - 76) + -101 + -1).
97
What is -8 + (-33 - (14 - (22 + 5)))?
-28
Calculate -80 + 18 + -3 + 5 + 14.
-46
What is the value of (-29 - 5) + 48 + -74 + -35?
-95
What is 5 - -22 - (163 + -140)?
4
2 + -3 + (8 - -3 - (184 - 193))
19
Evaluate -722 - -862 - (-14 + 203).
-49
Calculate -1 - -17 - (41 + (8 - 67) - -59).
-25
What is 13 + 3 + (40 - 82) + 160?
134
Calculate 0 - 49 - ((15 + 19 - 50) + 12).
-45
1 + -24 + (-29 - (-27 - (14 - 24)))
-35
What is the value of (29 - -25 - 28 - 59) + -93?
-126
(10 - (-3 - 6)) + -4 + -2 + (5 - -2)
20
Evaluate -4 + -7 + (0 - 1) - (-20 - (-35 - -41)).
14
What is the value of (35 - (33 - 5) - (3 + -6)) + -87?
-77
(42 - 0) + (-247 - (-123 - 80))
-2
Calculate (33 - 26) + 26 - (-2 - 8) - 1.
42
Evaluate -382 + 355 + (2 - -29) - (0 + 1 + 32).
-29
What is the value of (27 + -15 + -2 - (0 - -2)) + 7?
15
What is the value of (1 + 2 + 24 + -21 - 4) + (-122 - -82)?
-38
Evaluate 8 + 130 + -104 + -162 + -2.
-130
(15 + 19 - 14) + -100
-80
Calculate (5639 - 5674) + 15 + -2 + -3.
-25
What is -30 - 54 - (-9 + 0) - -8 - (0 - 12)?
-55
What is the value of -7 - (-13 + 43 + -23 - 17)?
3
Calculate -56 - -2 - 19 - -18 - (3 - (1 - -1)).
-56
Evaluate (4 - 13) + (2 - 1) + 13 - 36.
-31
181 + (-51 - 112) - ((2 - 1) + 0 + 2)
15
Calculate -19 + 15 + -3 - ((-2 - 2) + 0 + -52).
49
Calculate (-62 - -9) + -5 + 28 + -5.
-35
8 - -1 - (-244 + 106 + 180)
-33
Evaluate 9 - (48 + 9 - ((2 - (24 + -11)) + 8)).
-51
7 - (-12 + 19) - (16 + 35 + -48)
-3
Calculate (95 - (3 + 22)) + -84.
-14
Calculate (-3 - 16) + -137 + -162 + 307.
-11
What is the value of (31 - (-23 - -10)) + (2 - -2 - 15) + -8?
25
Evaluate -2 + 1 - ((14 - (14 + -29)) + 15).
-45
Evaluate 4 - (-39 - -45 - 40).
38
Calculate (-79 - -96) + 185 + -167.
35
Evaluate 59 + (-144 - (55 - 141)).
1
-8 + 93 + -81 - -35
39
What is -46 + -1 + -641 + 709?
21
What is 39 + -11 + -24 + -21 + 153?
136
-1 + -4 + -3 - (92 - (51 + -30 + 15))
-64
-1 + 0 + -4 - 2 - (-22 - (-211 - -139))
-57
What is the value of -3 - (8 + 106 - 3) - (1 - -9)?
-124
(-16 + 10 - (0 + -3)) + 30 + 28 + 18
73
Evaluate (2 + 0 - 24) + (-8 - 42 - -4 - -55).
-13
26 - (93 - 43) - -2
-22
What is the value of -1 + 59 - (2 + (11 + 7 - 9))?
47
What is the value of -34 - (43 - (17 + (-1 - 2)))?
-63
Evaluate (211 - 204) + (3 + 5 - 7).
8
Evaluate ((-17 - -24) + -3 + -9 + 0 - 57) + 0.
-62
Evaluate 6 + -9 + -32 + 32 - (8 + 2).
-13
What is 28 + -16 + -6 + (10 - 3)?
13
What is 44 - (129 - 2) - -61?
-22
What is (-5 - -6) + 39 - (42 - (39 - -4))?
41
Calculate -29 - ((3 - -19) + 163 + -218).
4
(-700 - -667) + 3 + -8 + -6
-44
1 + (-4 - (11 - 3)) - (-1 + -88)
78
Calculate 9 - (-53 + 52) - -76.
86
Calculate 1 + (5 - (5 - -19)) - 35.
-53
Calculate -8 + -16 - -58 - -48 - (1 + 0).
81
1 + (-20 + -6 - (-19 - -16))
-22
What is (62 - (-26 + 80)) + -13 - (-103 - 1)?
99
What is -20 + (-18 - 9 - -24) - 11?
-34
What is the value of 17 - (18 + -4 - -7 - 19)?
15
Evaluate (86 - (-73 - -90)) + -69.
0
-11 + 45 + (30 - (-48 - -35))
77
Calculate (0 - -17) + (-1289 - -1279) - (-36 + 1).
42
Evaluate (33 - (116 + -66)) + 17 + -3.
-3
What is 10 + 1 + 1840 + -1834?
17
-115 + (-5 + 21 + -20 - -14) + 12
-93
-20 - (7 + -29 + 7 - -14)
-19
What is the value of 36 + (4 - (39 + 4))?
-3
What is the value of 0 + -2 + 2 + -9 - (99 + -284 + 241)?
-65
Calculate (133 - 144) + (-3 - (-3 - -8) - -76 - -4).
61
What is (-1 - 16) + (18 - 8 - -8) + -26 + -3?
-28
What is the value of (1 + (11 - 22) - (8 + -12 - 5)) + 23?
22
Calculate 1 - 7 - (9 - (5 - (-16 + 15))).
-9
Calculate 8 + (-11 - -23) + 11 - (-1 + -4).
36
-68 + -7 + -30 + 36 + 7 + (-3 - -1)
-64
-25 - (165 + 50 + -145)
-95
What is the value of -68 + (92 - 140 - -48)?
-68
What is -12 - (17 + -7 + -3 + 4 + -8)?
-15
Evaluate 61 + -91 + (-43 - -11).
-62
Calculate 4 - -11 - (150 - 137 - (-3 + -3)).
-4
Calculate -21 - -31 - (54 - (-14 + 7 - -11)).
-40
Evaluate -33 - (-11 - -1 - (8 - (14 + 8)) - -10).
-47
What is 58 + -81 + 55 + -1?
31
What is (-8 - 2) + 18 + 0 + (0 - -13) + -32?
-11
Evaluate -2 - (5 - -2 - 13) - (-210 - -119).
95
Evaluate -192 + (58 - -106) + -1 + 134.
105
Calculate -61 + 11 + 36 + 56.
42
What is -47 + (21 - -38) - -22?
34
What is 2 + (-3 - (5 - 3)) - (-60 + (220 - 20))?
-143
What is (-39 - 2) + -320 + 399?
38
What is -3 - ((340 - 347) + (2 - 2 - -21))?
-17
-12 + (8 - (-20 - -10 - -17))
-11
Evaluate -202 - -74 - -148 - (1 + 47).
-28
Evaluate 64 + 15 - (74 + -3).
8
What is 3 + (194 + -159 + 1 + -28 - (-33 - -1))?
43
Calculate -18 + -8 - (-9 - 17).
0
What is (-44 - -4) + 15 - -30 - 16?
-11
Evaluate (-38 + 70 - 50) + 24 + -35.
